test common factor of 219 and 32631?
219
Calculate the highest common divisor of 1164 and 7404.
12
What is the highest common factor of 120414 and 1342?
122
Calculate the highest common factor of 15871 and 3127.
59
What is the greatest common factor of 86709 and 21?
21
Calculate the greatest common factor of 99 and 17366976.
99
What is the highest common divisor of 12851 and 362?
181
What is the highest common divisor of 81693 and 22849?
313
What is the highest common divisor of 1918 and 196?
14
Calculate the greatest common divisor of 311980 and 2660.
380
Calculate the greatest common divisor of 325 and 33917.
13
What is the greatest common divisor of 27545 and 560?
35
What is the highest common factor of 89432 and 56?
56
Calculate the highest common divisor of 2178491 and 644.
161
Calculate the greatest common divisor of 489559 and 98.
49
What is the greatest common divisor of 275008 and 96?
32
Calculate the greatest common factor of 15864 and 136.
8
What is the highest common factor of 655908 and 88?
44
What is the highest common divisor of 513 and 78660?
171
What is the greatest common factor of 2340 and 1935?
45
What is the highest common factor of 81705 and 195?
195
What is the greatest common divisor of 1158453 and 9?
9
Calculate the greatest common factor of 1090 and 19730.
10
What is the highest common divisor of 1422 and 3888?
18
What is the greatest common divisor of 357 and 9930669?
357
What is the highest common factor of 13867 and 26602?
283
What is the highest common factor of 188740 and 12?
4
What is the highest common divisor of 901291 and 58?
29
Calculate the greatest common divisor of 189601 and 5283.
587
What is the greatest common factor of 536 and 700284?
268
What is the highest common divisor of 406080 and 235?
235
Calculate the highest common factor of 125993 and 164.
41
What is the highest common divisor of 26123 and 2416?
151
Calculate the greatest common factor of 38346 and 1155.
231
Calculate the greatest common factor of 14675 and 1850.
25
What is the highest common factor of 6981 and 143021?
179
What is the highest common divisor of 1155 and 9339?
33
Calculate the greatest common divisor of 125960 and 235.
235
What is the highest common factor of 1105 and 40027?
13
What is the greatest common divisor of 69650 and 140?
70
Calculate the highest common factor of 1397 and 341.
11
What is the highest common divisor of 19591 and 18733?
143
Calculate the highest common divisor of 560 and 1269380.
140
Calculate the greatest common factor of 440 and 640.
40
Calculate the highest common factor of 56 and 74984.
56
Calculate the highest common divisor of 10 and 11630.
10
Calculate the highest common divisor of 1005 and 4288.
67
Calculate the highest common divisor of 370 and 163466.
74
What is the greatest common divisor of 28905 and 1845?
615
Calculate the greatest common divisor of 122910 and 2040.
510
Calculate the highest common divisor of 624 and 21138.
78
What is the highest common divisor of 1236 and 492?
12
Calculate the highest common divisor of 1326 and 319202.
26
What is the highest common divisor of 738 and 9512?
82
What is the highest common divisor of 154839 and 6?
3
Calculate the greatest common factor of 84 and 495740.
28
What is the greatest common divisor of 4 and 7948?
4
What is the greatest common divisor of 108927 and 441?
441
Calculate the highest common factor of 3289678 and 21.
7
Calculate the highest common divisor of 99705 and 26795.
115
What is the greatest common factor of 1239211 and 669?
223
Calculate the highest common factor of 230 and 709826.
46
Calculate the highest common divisor of 962640 and 48.
48
Calculate the greatest common divisor of 1496 and 196724.
748
Calculate the highest common divisor of 1563394 and 106.
106
Calculate the greatest common divisor of 422 and 4853.
211
Calculate the highest common divisor of 34410 and 8680.
310
What is the greatest common factor of 77872 and 76616?
1256
What is the highest common divisor of 13 and 226837?
13
What is the greatest common divisor of 70094 and 15268?
694
Calculate the highest common factor of 11460 and 12084.
12
Calculate the greatest common factor of 10791 and 238601.
1199
What is the highest common divisor of 6 and 207162?
6
What is the greatest common factor of 162 and 300?
6
What is the highest common factor of 619817 and 165?
11
What is the highest common factor of 55463 and 1?
1
What is the greatest common divisor of 3564 and 3948?
12
What is the highest common factor of 36 and 142542?
18
Calculate the highest common factor of 1573 and 6776.
121
Calculate the highest common factor of 216469 and 242.
121
What is the greatest common factor of 920 and 136?
8
What is the highest common divisor of 23 and 24748?
23
Calculate the greatest common factor of 2778970 and 10.
10
What is the highest common factor of 1881 and 118921?
209
Calculate the highest common divisor of 75691 and 847.
77
What is the highest common factor of 468 and 19812?
156
What is the greatest common factor of 2448 and 2464524?
612
What is the greatest common factor of 899 and 527568?
29
Calculate the greatest common divisor of 418 and 11814.
22
What is the greatest common divisor of 8835 and 17081?
589
Calculate the highest common factor of 490 and 6615.
245
What is the greatest common factor of 667 and 4922?
23
What is the greatest common divisor of 42 and 478527?
21
What is the greatest common divisor of 40 and 29635?
5
Calculate the greatest common factor of 174 and 5580.
6
What is the greatest common divisor of 51 and 2005473?
51
Calculate the greatest common divisor of 96822 and 8639.
163
Calculate the highest common factor of 48 and 38430.
6
What is the highest common divisor of 265 and 4765230?
265
What is the greatest common factor of 160 and 104035?
5
Calculate the greatest common factor of 7376 and 1832.
8
What is the highest common factor of 22591 and 1886?
41
Calculate the highest common divisor of 6762308 and 28.
28
What is the greatest common divisor of 7435 and 20?
5
Calculate the highest common divisor of 279298 and 876.
146
What is the greatest common divisor of 74746 and 152?
38
Calculate the greatest common factor of 18 and 489339.
9
Calculate the highest common divisor of 9040 and 9840.
80
What is the greatest common divisor of 2 and 24754?
2
Calculate the greatest common divisor of 22008 and 1134.
42
What is the highest common factor of 107697 and 3?
3
Calculate the greatest common factor of 949 and 1740320.
73
Calculate the greatest common divisor of 4080 and 226560.
240
Calculate the greatest common factor of 119 and 27230.
7
What is the highest common factor of 4081 and 10087?
77
Calculate the greatest common divisor of 3190 and 2146.
58
What is the greatest common divisor of 74146 and 5240?
262
What is the highest common factor of 22077 and 1089?
99
What is the greatest common divisor of 3276 and 71344?
364
Calculate the highest common factor of 296 and 324712.
296
Calculate the greatest common factor of 348933 and 2093.
299
Calculate the highest common factor of 24 and 366904.
8
What is the greatest common factor of 530 and 2413355?
265
Calculate the highest common factor of 855 and 157230.
45
What is the highest common factor of 269261 and 5819?
529
What is the greatest common divisor of 8 and 1646264?
8
Calculate the highest common divisor of 82018 and 230.
46
What is the highest common divisor of 167 and 2839?
167
Calculate the highest common divisor of 51 and 65467.
17
Calculate the greatest common divisor of 14756 and 39746.
238
Calculate the highest common factor of 693 and 1421.
7
What is the highest common factor of 125848 and 8?
8
What is the highest common divisor of 82768 and 192?
16
What is the greatest common divisor of 67312 and 123806?
1202
What is the greatest common factor of 199 and 322181?
199
What is the highest common divisor of 418 and 158?
2
What is the greatest common factor of 29520 and 90?
90
What is the greatest common divisor of 60436 and 4060?
116
What is the greatest common factor of 5191 and 116?
29
Calculate the greatest common factor of 56587 and 444726.
797
What is the greatest common divisor of 230744 and 48?
8
What is the highest common factor of 6505 and 850?
5
Calculate the greatest common divisor 